{"id":1279,"date":"2025-01-13T17:59:43","date_gmt":"2025-01-13T17:59:43","guid":{"rendered":"https:\/\/iesazcona.org\/?page_id=1279"},"modified":"2025-11-15T19:04:00","modified_gmt":"2025-11-15T19:04:00","slug":"contacto","status":"publish","type":"page","link":"https:\/\/iesazcona.org\/?page_id=1279","title":{"rendered":"Contacto: IES AZCONA"},"content":{"rendered":"\t\t<div data-elementor-type=\"wp-page\" data-elementor-id=\"1279\" class=\"elementor elementor-1279\" data-elementor-post-type=\"page\">\n\t\t\t\t<div class=\"elementor-element elementor-element-6fabd6b2 e-flex e-con-boxed e-con e-parent\" data-id=\"6fabd6b2\" data-element_type=\"container\">\n\t\t\t\t\t<div class=\"e-con-inner\">\n\t\t\t\t<div class=\"elementor-element elementor-element-1f292253 elementor-widget elementor-widget-text-editor\" data-id=\"1f292253\" data-element_type=\"widget\" data-widget_type=\"text-editor.default\">\n\t\t\t\t<div class=\"elementor-widget-container\">\n\t\t\t\t\t\t\t\t\t\n<div class=\"wp-block-uagb-image uagb-block-7e97e2e0 wp-block-uagb-image--layout-default wp-block-uagb-image--effect-static wp-block-uagb-image--align-none\">\n<figure class=\"wp-block-uagb-image__figure\"><img decoding=\"async\" class=\"uag-image-2157 aligncenter\" title=\"logo 9\" role=\"img\" src=\"https:\/\/iesazcona.org\/wp-content\/uploads\/2025\/11\/logo-9-1-2.jpeg\" sizes=\"(max-width: 480px) 150px\" srcset=\"https:\/\/iesazcona.org\/wp-content\/uploads\/2025\/11\/logo-9-1-2.jpeg ,https:\/\/iesazcona.org\/wp-content\/uploads\/2025\/11\/logo-9-1-2.jpeg 780w, https:\/\/iesazcona.org\/wp-content\/uploads\/2025\/11\/logo-9-1-2.jpeg 360w\" alt=\"\" width=\"123\" height=\"91\" \/><\/figure>\n<\/div>\n\n<p><strong>Direcci\u00f3n: C\/ Polic\u00eda Jos\u00e9 Rueda Alcaraz 1 04006-Almer\u00eda (Espa\u00f1a)<\/strong><\/p>\n\n<p><strong>TEL\u00c9FONOS DEL CENTRO<\/strong>:<\/p>\n\n<figure class=\"wp-block-table\">\n<table class=\"has-fixed-layout\">\n<tbody>\n<tr>\n<td><strong>DEPENDENCIA<\/strong><\/td>\n<td><strong>COMPLETO<\/strong><\/td>\n<td><strong>CORPORATIVO<\/strong><\/td>\n<\/tr>\n<tr>\n<td><strong>CENTRALITA<\/strong><\/td>\n<td><strong>950156222<\/strong><\/td>\n<td><strong>771222<\/strong><\/td>\n<\/tr>\n<tr>\n<td><strong>DIRECCI\u00d3N<\/strong><\/td>\n<td><strong>671533747<\/strong><\/td>\n<td><strong>633747<\/strong><\/td>\n<\/tr>\n<tr>\n<td><strong>SECRETAR\u00cdA<\/strong><\/td>\n<td><strong>671533746<\/strong><\/td>\n<td><strong>633746<\/strong><\/td>\n<\/tr>\n<tr>\n<td><strong>SECRETARIA<\/strong><\/td>\n<td><strong>671567063<\/strong><\/td>\n<td><strong>767063<\/strong><\/td>\n<\/tr>\n<tr>\n<td><strong>JEF.ESTUDIOS<\/strong><\/td>\n<td><strong>671533745<\/strong><\/td>\n<td><strong>633745<\/strong><\/td>\n<\/tr>\n<tr>\n<td><strong>ORIENTACI\u00d3N<\/strong><\/td>\n<td><strong>671533743<\/strong><\/td>\n<td><strong>633743<\/strong><\/td>\n<\/tr>\n<\/tbody>\n<\/table>\n<\/figure>\n\n<p>Correo:<\/p>\n\n<p><a href=\"mailto:04700442.edu@juntadeandalucia.es\">04700442.edu@juntadeandalucia.es<\/a><\/p>\n\n<p><strong><a href=\"http:\/\/www.iesazcona.org\/index.php\/es\/ies-azcona\/contacto#display-form\">Formulario de contacto<\/a><\/strong><\/p>\n\n<p><strong><a href=\"http:\/\/www.iesazcona.org\/index.php\/es\/ies-azcona\/contacto#display-misc\">Informaci\u00f3n general<\/a><\/strong><\/p>\n\t\t\t\t\t\t\t\t<\/div>\n\t\t\t\t<\/div>\n\t\t\t\t\t<\/div>\n\t\t\t\t<\/div>\n\t\t\t\t<\/div>\n\t\t<p>Visitas: 183<\/p>","protected":false},"excerpt":{"rendered":"<p>Direcci\u00f3n: C\/ Polic\u00eda Jos\u00e9 Rueda Alcaraz 1 04006-Almer\u00eda (Espa\u00f1a) TEL\u00c9FONOS DEL CENTRO: DEPENDENCIA COMPLETO CORPORATIVO CENTRALITA 950156222 771222 DIRECCI\u00d3N 671533747 [&hellip;]<\/p>\n","protected":false},"author":1,"featured_media":0,"parent":0,"menu_order":0,"comment_status":"closed","ping_status":"closed","template":"","meta":{"_uag_custom_page_level_css":"","site-sidebar-layout":"default","site-content-layout":"","ast-site-content-layout":"","site-content-style":"default","site-sidebar-style":"default","ast-global-header-display":"","ast-banner-title-visibility":"","ast-main-header-display":"","ast-hfb-above-header-display":"","ast-hfb-below-header-display":"","ast-hfb-mobile-header-display":"","site-post-title":"","ast-breadcrumbs-content":"","ast-featured-img":"","footer-sml-layout":"","theme-transparent-header-meta":"","adv-header-id-meta":"","stick-header-meta":"","header-above-stick-meta":"","header-main-stick-meta":"","header-below-stick-meta":"","astra-migrate-meta-layouts":"default","ast-page-background-enabled":"default","ast-page-background-meta":{"desktop":{"background-color":"var(--ast-global-color-5)","background-image":"","background-repeat":"repeat","background-position":"center center","background-size":"auto","background-attachment":"scroll","background-type":"","background-media":"","overlay-type":"","overlay-color":"","overlay-opacity":"","overlay-gradient":""},"tablet":{"background-color":"","background-image":"","background-repeat":"repeat","background-position":"center center","background-size":"auto","background-attachment":"scroll","background-type":"","background-media":"","overlay-type":"","overlay-color":"","overlay-opacity":"","overlay-gradient":""},"mobile":{"background-color":"","background-image":"","background-repeat":"repeat","background-position":"center center","background-size":"auto","background-attachment":"scroll","background-type":"","background-media":"","overlay-type":"","overlay-color":"","overlay-opacity":"","overlay-gradient":""}},"ast-content-background-meta":{"desktop":{"background-color":"var(--ast-global-color-4)","background-image":"","background-repeat":"repeat","background-position":"center center","background-size":"auto","background-attachment":"scroll","background-type":"","background-media":"","overlay-type":"","overlay-color":"","overlay-opacity":"","overlay-gradient":""},"tablet":{"background-color":"var(--ast-global-color-4)","background-image":"","background-repeat":"repeat","background-position":"center center","background-size":"auto","background-attachment":"scroll","background-type":"","background-media":"","overlay-type":"","overlay-color":"","overlay-opacity":"","overlay-gradient":""},"mobile":{"background-color":"var(--ast-global-color-4)","background-image":"","background-repeat":"repeat","background-position":"center center","background-size":"auto","background-attachment":"scroll","background-type":"","background-media":"","overlay-type":"","overlay-color":"","overlay-opacity":"","overlay-gradient":""}},"_kadence_starter_templates_imported_post":false,"footnotes":""},"class_list":["post-1279","page","type-page","status-publish","hentry"],"yoast_head":"<!-- This site is optimized with the Yoast SEO plugin v24.1 - https:\/\/yoast.com\/wordpress\/plugins\/seo\/ -->\n<title>Contacto: IES AZCONA - I.E.S. AZCONA<\/title>\n<meta name=\"robots\" content=\"index, follow, max-snippet:-1, max-image-preview:large, max-video-preview:-1\" \/>\n<link rel=\"canonical\" href=\"https:\/\/iesazcona.org\/?page_id=1279\" \/>\n<meta property=\"og:locale\" content=\"es_ES\" \/>\n<meta property=\"og:type\" content=\"article\" \/>\n<meta property=\"og:title\" content=\"Contacto: IES AZCONA - I.E.S. AZCONA\" \/>\n<meta property=\"og:description\" content=\"Direcci\u00f3n: C\/ Polic\u00eda Jos\u00e9 Rueda Alcaraz 1 04006-Almer\u00eda (Espa\u00f1a) TEL\u00c9FONOS DEL CENTRO: DEPENDENCIA COMPLETO CORPORATIVO CENTRALITA 950156222 771222 DIRECCI\u00d3N 671533747 [&hellip;]\" \/>\n<meta property=\"og:url\" content=\"https:\/\/iesazcona.org\/?page_id=1279\" \/>\n<meta property=\"og:site_name\" content=\"I.E.S. AZCONA\" \/>\n<meta property=\"article:modified_time\" content=\"2025-11-15T19:04:00+00:00\" \/>\n<meta property=\"og:image\" content=\"https:\/\/iesazcona.org\/wp-content\/uploads\/2025\/11\/logo-9-1-2.jpeg\" \/>\n<meta name=\"twitter:card\" content=\"summary_large_image\" \/>\n<meta name=\"twitter:label1\" content=\"Tiempo de lectura\" \/>\n\t<meta name=\"twitter:data1\" content=\"1 minuto\" \/>\n<script type=\"application\/ld+json\" class=\"yoast-schema-graph\">{\"@context\":\"https:\/\/schema.org\",\"@graph\":[{\"@type\":\"WebPage\",\"@id\":\"https:\/\/iesazcona.org\/?page_id=1279\",\"url\":\"https:\/\/iesazcona.org\/?page_id=1279\",\"name\":\"Contacto: IES AZCONA - I.E.S. AZCONA\",\"isPartOf\":{\"@id\":\"https:\/\/iesazcona.org\/#website\"},\"primaryImageOfPage\":{\"@id\":\"https:\/\/iesazcona.org\/?page_id=1279#primaryimage\"},\"image\":{\"@id\":\"https:\/\/iesazcona.org\/?page_id=1279#primaryimage\"},\"thumbnailUrl\":\"https:\/\/iesazcona.org\/wp-content\/uploads\/2025\/11\/logo-9-1-2.jpeg\",\"datePublished\":\"2025-01-13T17:59:43+00:00\",\"dateModified\":\"2025-11-15T19:04:00+00:00\",\"breadcrumb\":{\"@id\":\"https:\/\/iesazcona.org\/?page_id=1279#breadcrumb\"},\"inLanguage\":\"es\",\"potentialAction\":[{\"@type\":\"ReadAction\",\"target\":[\"https:\/\/iesazcona.org\/?page_id=1279\"]}]},{\"@type\":\"ImageObject\",\"inLanguage\":\"es\",\"@id\":\"https:\/\/iesazcona.org\/?page_id=1279#primaryimage\",\"url\":\"https:\/\/iesazcona.org\/wp-content\/uploads\/2025\/11\/logo-9-1-2.jpeg\",\"contentUrl\":\"https:\/\/iesazcona.org\/wp-content\/uploads\/2025\/11\/logo-9-1-2.jpeg\",\"width\":436,\"height\":323},{\"@type\":\"BreadcrumbList\",\"@id\":\"https:\/\/iesazcona.org\/?page_id=1279#breadcrumb\",\"itemListElement\":[{\"@type\":\"ListItem\",\"position\":1,\"name\":\"Portada\",\"item\":\"https:\/\/iesazcona.org\/\"},{\"@type\":\"ListItem\",\"position\":2,\"name\":\"Contacto: IES AZCONA\"}]},{\"@type\":\"WebSite\",\"@id\":\"https:\/\/iesazcona.org\/#website\",\"url\":\"https:\/\/iesazcona.org\/\",\"name\":\"I.E.S. AZCONA\",\"description\":\"P\u00e1gina web del IES Azcona en Almer\u00eda.\",\"publisher\":{\"@id\":\"https:\/\/iesazcona.org\/#organization\"},\"potentialAction\":[{\"@type\":\"SearchAction\",\"target\":{\"@type\":\"EntryPoint\",\"urlTemplate\":\"https:\/\/iesazcona.org\/?s={search_term_string}\"},\"query-input\":{\"@type\":\"PropertyValueSpecification\",\"valueRequired\":true,\"valueName\":\"search_term_string\"}}],\"inLanguage\":\"es\"},{\"@type\":\"Organization\",\"@id\":\"https:\/\/iesazcona.org\/#organization\",\"name\":\"I.E.S. AZCONA\",\"url\":\"https:\/\/iesazcona.org\/\",\"logo\":{\"@type\":\"ImageObject\",\"inLanguage\":\"es\",\"@id\":\"https:\/\/iesazcona.org\/#\/schema\/logo\/image\/\",\"url\":\"https:\/\/iesazcona.org\/wp-content\/uploads\/2025\/01\/logo.jpg\",\"contentUrl\":\"https:\/\/iesazcona.org\/wp-content\/uploads\/2025\/01\/logo.jpg\",\"width\":204,\"height\":192,\"caption\":\"I.E.S. AZCONA\"},\"image\":{\"@id\":\"https:\/\/iesazcona.org\/#\/schema\/logo\/image\/\"}}]}<\/script>\n<!-- \/ Yoast SEO plugin. -->","yoast_head_json":{"title":"Contacto: IES AZCONA - I.E.S. AZCONA","robots":{"index":"index","follow":"follow","max-snippet":"max-snippet:-1","max-image-preview":"max-image-preview:large","max-video-preview":"max-video-preview:-1"},"canonical":"https:\/\/iesazcona.org\/?page_id=1279","og_locale":"es_ES","og_type":"article","og_title":"Contacto: IES AZCONA - I.E.S. AZCONA","og_description":"Direcci\u00f3n: C\/ Polic\u00eda Jos\u00e9 Rueda Alcaraz 1 04006-Almer\u00eda (Espa\u00f1a) TEL\u00c9FONOS DEL CENTRO: DEPENDENCIA COMPLETO CORPORATIVO CENTRALITA 950156222 771222 DIRECCI\u00d3N 671533747 [&hellip;]","og_url":"https:\/\/iesazcona.org\/?page_id=1279","og_site_name":"I.E.S. AZCONA","article_modified_time":"2025-11-15T19:04:00+00:00","og_image":[{"url":"https:\/\/iesazcona.org\/wp-content\/uploads\/2025\/11\/logo-9-1-2.jpeg","type":"","width":"","height":""}],"twitter_card":"summary_large_image","twitter_misc":{"Tiempo de lectura":"1 minuto"},"schema":{"@context":"https:\/\/schema.org","@graph":[{"@type":"WebPage","@id":"https:\/\/iesazcona.org\/?page_id=1279","url":"https:\/\/iesazcona.org\/?page_id=1279","name":"Contacto: IES AZCONA - I.E.S. AZCONA","isPartOf":{"@id":"https:\/\/iesazcona.org\/#website"},"primaryImageOfPage":{"@id":"https:\/\/iesazcona.org\/?page_id=1279#primaryimage"},"image":{"@id":"https:\/\/iesazcona.org\/?page_id=1279#primaryimage"},"thumbnailUrl":"https:\/\/iesazcona.org\/wp-content\/uploads\/2025\/11\/logo-9-1-2.jpeg","datePublished":"2025-01-13T17:59:43+00:00","dateModified":"2025-11-15T19:04:00+00:00","breadcrumb":{"@id":"https:\/\/iesazcona.org\/?page_id=1279#breadcrumb"},"inLanguage":"es","potentialAction":[{"@type":"ReadAction","target":["https:\/\/iesazcona.org\/?page_id=1279"]}]},{"@type":"ImageObject","inLanguage":"es","@id":"https:\/\/iesazcona.org\/?page_id=1279#primaryimage","url":"https:\/\/iesazcona.org\/wp-content\/uploads\/2025\/11\/logo-9-1-2.jpeg","contentUrl":"https:\/\/iesazcona.org\/wp-content\/uploads\/2025\/11\/logo-9-1-2.jpeg","width":436,"height":323},{"@type":"BreadcrumbList","@id":"https:\/\/iesazcona.org\/?page_id=1279#breadcrumb","itemListElement":[{"@type":"ListItem","position":1,"name":"Portada","item":"https:\/\/iesazcona.org\/"},{"@type":"ListItem","position":2,"name":"Contacto: IES AZCONA"}]},{"@type":"WebSite","@id":"https:\/\/iesazcona.org\/#website","url":"https:\/\/iesazcona.org\/","name":"I.E.S. AZCONA","description":"P\u00e1gina web del IES Azcona en Almer\u00eda.","publisher":{"@id":"https:\/\/iesazcona.org\/#organization"},"potentialAction":[{"@type":"SearchAction","target":{"@type":"EntryPoint","urlTemplate":"https:\/\/iesazcona.org\/?s={search_term_string}"},"query-input":{"@type":"PropertyValueSpecification","valueRequired":true,"valueName":"search_term_string"}}],"inLanguage":"es"},{"@type":"Organization","@id":"https:\/\/iesazcona.org\/#organization","name":"I.E.S. AZCONA","url":"https:\/\/iesazcona.org\/","logo":{"@type":"ImageObject","inLanguage":"es","@id":"https:\/\/iesazcona.org\/#\/schema\/logo\/image\/","url":"https:\/\/iesazcona.org\/wp-content\/uploads\/2025\/01\/logo.jpg","contentUrl":"https:\/\/iesazcona.org\/wp-content\/uploads\/2025\/01\/logo.jpg","width":204,"height":192,"caption":"I.E.S. AZCONA"},"image":{"@id":"https:\/\/iesazcona.org\/#\/schema\/logo\/image\/"}}]}},"uagb_featured_image_src":{"full":false,"thumbnail":false,"medium":false,"medium_large":false,"large":false,"1536x1536":false,"2048x2048":false,"ultp_layout_landscape_large":false,"ultp_layout_landscape":false,"ultp_layout_portrait":false,"ultp_layout_square":false},"uagb_author_info":{"display_name":"admin","author_link":"https:\/\/iesazcona.org\/?author=1"},"uagb_comment_info":0,"uagb_excerpt":"Direcci\u00f3n: C\/ Polic\u00eda Jos\u00e9 Rueda Alcaraz 1 04006-Almer\u00eda (Espa\u00f1a) TEL\u00c9FONOS DEL CENTRO: DEPENDENCIA COMPLETO CORPORATIVO CENTRALITA 950156222 771222 DIRECCI\u00d3N 671533747 [&hellip;]","_links":{"self":[{"href":"https:\/\/iesazcona.org\/index.php?rest_route=\/wp\/v2\/pages\/1279","targetHints":{"allow":["GET"]}}],"collection":[{"href":"https:\/\/iesazcona.org\/index.php?rest_route=\/wp\/v2\/pages"}],"about":[{"href":"https:\/\/iesazcona.org\/index.php?rest_route=\/wp\/v2\/types\/page"}],"author":[{"embeddable":true,"href":"https:\/\/iesazcona.org\/index.php?rest_route=\/wp\/v2\/users\/1"}],"replies":[{"embeddable":true,"href":"https:\/\/iesazcona.org\/index.php?rest_route=%2Fwp%2Fv2%2Fcomments&post=1279"}],"version-history":[{"count":5,"href":"https:\/\/iesazcona.org\/index.php?rest_route=\/wp\/v2\/pages\/1279\/revisions"}],"predecessor-version":[{"id":2161,"href":"https:\/\/iesazcona.org\/index.php?rest_route=\/wp\/v2\/pages\/1279\/revisions\/2161"}],"wp:attachment":[{"href":"https:\/\/iesazcona.org\/index.php?rest_route=%2Fwp%2Fv2%2Fmedia&parent=1279"}],"curies":[{"name":"wp","href":"https:\/\/api.w.org\/{rel}","templated":true}]}}